{"id":73,"date":"2024-04-18T23:51:22","date_gmt":"2024-04-18T23:51:22","guid":{"rendered":"https:\/\/lacardio.org\/lacardiokids\/?page_id=73"},"modified":"2026-01-29T22:27:01","modified_gmt":"2026-01-29T22:27:01","slug":"inicio","status":"publish","type":"page","link":"https:\/\/lacardio.org\/lacardiokids\/","title":{"rendered":"LaCardio Kids: Comunidad de Ni\u00f1os Fuertes y Saludables"},"content":{"rendered":"<p><strong>Bienvenidos a LaCardio Kids<\/strong><br \/>\nLaCardio Kids es mucho m\u00e1s que una p\u00e1gina; es un espacio dise\u00f1ado para ni\u00f1os y familias que desean aprender y explorar el fascinante mundo de la salud de manera divertida. Aqu\u00ed encontrar\u00e1s un sinf\u00edn de actividades, juegos interactivos y videos llenos de aprendizaje, creados especialmente para que los peque\u00f1os y sus familias comprendan la importancia de cuidar su cuerpo y mente.<\/p>\n<p><strong>Explora actividades emocionantes y educativas<\/strong><br \/>\nDesde retos saludables hasta manualidades y juegos, nuestras actividades est\u00e1n dise\u00f1adas para fomentar h\u00e1bitos positivos desde temprana edad. Cada secci\u00f3n est\u00e1 pensada para que los ni\u00f1os se diviertan mientras adquieren conocimientos valiosos sobre temas como la alimentaci\u00f3n saludable, el ejercicio f\u00edsico y la importancia del descanso.<\/p>\n<p><strong>Aprende con videos llenos de aventuras<\/strong><br \/>\nNuestros videos educativos est\u00e1n llenos de historias emocionantes que mantienen la atenci\u00f3n de los ni\u00f1os mientras aprenden. Cada video es una aventura en s\u00ed misma, donde personajes divertidos explican conceptos importantes como el funcionamiento del coraz\u00f3n, la importancia de una dieta equilibrada y c\u00f3mo mantener una vida activa.<\/p>\n<p><strong>Un espacio para toda la familia<\/strong><br \/>\nEn LaCardio Kids, las familias son parte fundamental de nuestra misi\u00f3n. Aqu\u00ed encontrar\u00e1n recursos pr\u00e1cticos para reforzar en casa los h\u00e1bitos saludables aprendidos en nuestra web. Adem\u00e1s, fomentamos que padres e hijos compartan momentos de calidad mientras exploran juntos el contenido.<\/p>\n<p><strong>\u00danete a la comunidad de LaCardio Kids<\/strong><br \/>\nNo importa si reci\u00e9n est\u00e1s comenzando o ya llevas tiempo aprendiendo sobre la salud de los peque\u00f1os. LaCardio Kids te da la bienvenida con herramientas interactivas, consejos y actividades que transformar\u00e1n el aprendizaje en una experiencia inolvidable.<\/p>\n<p>\u00a1Haz que cada latido cuente! Explora, aprende y divi\u00e9rtete en nuestro hogar digital. Tu aventura hacia una vida m\u00e1s saludable comienza aqu\u00ed.<\/p>\n","protected":false},"excerpt":{"rendered":"<p>Bienvenidos a LaCardio Kids LaCardio Kids es mucho m\u00e1s que una p\u00e1gina; es un espacio dise\u00f1ado para ni\u00f1os y familias que desean aprender y explorar el fascinante mundo de la salud de manera divertida. Aqu\u00ed encontrar\u00e1s un sinf\u00edn de actividades, juegos interactivos y videos llenos de aprendizaje, creados especialmente para que los peque\u00f1os y sus [&hellip;]<\/p>\n","protected":false},"author":1,"featured_media":0,"parent":0,"menu_order":0,"comment_status":"closed","ping_status":"closed","template":"plantilla-inicio.php","meta":{"footnotes":""},"class_list":["post-73","page","type-page","status-publish","hentry"],"acf":[],"_links":{"self":[{"href":"https:\/\/lacardio.org\/lacardiokids\/wp-json\/wp\/v2\/pages\/73","targetHints":{"allow":["GET"]}}],"collection":[{"href":"https:\/\/lacardio.org\/lacardiokids\/wp-json\/wp\/v2\/pages"}],"about":[{"href":"https:\/\/lacardio.org\/lacardiokids\/wp-json\/wp\/v2\/types\/page"}],"author":[{"embeddable":true,"href":"https:\/\/lacardio.org\/lacardiokids\/wp-json\/wp\/v2\/users\/1"}],"replies":[{"embeddable":true,"href":"https:\/\/lacardio.org\/lacardiokids\/wp-json\/wp\/v2\/comments?post=73"}],"version-history":[{"count":25,"href":"https:\/\/lacardio.org\/lacardiokids\/wp-json\/wp\/v2\/pages\/73\/revisions"}],"predecessor-version":[{"id":4458,"href":"https:\/\/lacardio.org\/lacardiokids\/wp-json\/wp\/v2\/pages\/73\/revisions\/4458"}],"wp:attachment":[{"href":"https:\/\/lacardio.org\/lacardiokids\/wp-json\/wp\/v2\/media?parent=73"}],"curies":[{"name":"wp","href":"https:\/\/api.w.org\/{rel}","templated":true}]}}